+ 118. Suppose 2068 = v*s - 3337. What are the prime factors of s?
23, 47
Let i = 42374 - 36816. List the prime factors of i.
2, 7, 397
Let x(v) = -3. Let o(a) = -36*a**2 - 38*a - 37. Let w(u) = -o(u) + 2*x(u). List the prime factors of w(-6).
7, 157
Let v(i) = -i**3 - 11*i**2 - 28*i + 2. Let d be v(-7). Suppose 0 = d*f - 2, -13*k + 3*f = -10*k - 2577. What are the prime factors of k?
2, 5, 43
Let g = 16675 - 6909. What are the prime factors of g?
2, 19, 257
Suppose 0 = 5*g - 14 - 21. Let k(m) = -4*m - 25. Let q be k(g). What are the prime factors of q/(-2) - 3/2?
5
Suppose -4*r - 4*f = -1452, -5*r - 2*f + 2195 = 374. Suppose 0 = -2*d + 3*d - r. List the prime factors of d.
5, 73
Suppose 0 = -w - 5*x + 7, -2*w + 19 = -w - x. Suppose w*y = -18*y + 5250. List the prime factors of y.
2, 3, 5
Let x(s) = s**3 - 18*s**2 + 2*s - 34. Let m be x(18). Suppose 615 = v + 3*h, 5*v = -m*h - h + 3135. What are the prime factors of v?
2, 3, 5, 7
Let h be (-32)/(-14) - -3 - (-2)/(-7). Suppose h*k = 21*k - 8336. Suppose 5*u - 139 = k. What are the prime factors of u?
2, 3, 11
Let w = 21023 - -44044. List the prime factors of w.
3, 23, 41
Suppose 295 = 3*d - 2*d. Suppose 9*v - 18*v - 1845 = 0. Let m = d + v. List the prime factors of m.
2, 3, 5
Let a(t) = 130*t + 89. Let v(w) = 131*w + 88. Let k(i) = 6*a(i) - 7*v(i). What are the prime factors of k(-4)?
2, 233
Suppose 5*j = l - 93, -l - 3*j = 2*l - 225. Suppose 2*b = -3*k - 141, l = -b - 0*b - 4*k. Let z = -26 - b. What are the prime factors of z?
2, 5
What are the prime factors of (102/8)/((213/994)/(4824/14))?
2, 3, 17, 67
Let r be 35/(-21)*(2 - 5). Suppose o + 784 = r*o. Suppose -o = -3*v - 4*w - 0*w, 4*v - 244 = -w. What are the prime factors of v?
2, 3, 5
Let l = 858 + -484. Suppose 2*z + 174 = l. List the prime factors of z.
2, 5
List the prime factors of ((-18492)/(-670))/((-2)/(-280)).
2, 3, 7, 23
Suppose -2*z = -16, 9*z - 3615 = -3*v + 6*z. What are the prime factors of v?
3, 7, 19
What are the prime factors of 15/(-12)*(1671/(-9))/((-4)/(-288))?
2, 3, 5, 557
Suppose 25*b - 24*b = 4. Suppose -8*p + 852 = -b*p. What are the prime factors of p?
3, 71
Suppose 0 = 27*p - 42*p - 735. Let x = 361 - p. List the prime factors of x.
2, 5, 41
Let h be (-7)/(-35) - 27/(-15). Suppose 5*t + w = 27, 0*t + h*t = w + 15. Suppose t*q + q = 21. List the prime factors of q.
3
Suppose -2*j + 2*s = 5*s - 16, -5*j + 19 = -3*s. Let l(u) = u**3 - 5*u**2 - 3*u + 13. Let x be l(j). List the prime factors of 7/((-2)/(-7)*(-1)/x).
7
Suppose -2*z + 2*i = -4, i + 3 = 3*z - 3. Let p(v) = -6 - v**z + 0*v**2 + 3*v**2 + 33*v - 26*v. What are the prime factors of p(-6)?
2, 3
Let c(h) = -h - 1. Let z be c(11). Let v = z + 7. List the prime factors of ((-194)/v)/((-72)/(-180)).
97
Let t(l) = 172*l + 3. Let r(q) = q + 1. Let g(f) = 5*r(f) - t(f). Let u be g(-2). Suppose 4*m + 0*m - u = -4*p, -4*p + 174 = 2*m. List the prime factors of m.
3
Let r(j) = -j**3 - 136*j**2 + 128*j - 887. What are the prime factors of r(-138)?
7, 2791
Let m = -326 + 3125. List the prime factors of m.
3, 311
Let l = -1572 - -4226. What are the prime factors of l?
2, 1327
Let x(n) = -n**2 - 15*n - 2. Let v be x(-7). Let u = v + -51. Suppose 112 = 4*j - d, 0*j + 2*j - 56 = -u*d. What are the prime factors of j?
2, 7
What are the prime factors of (11 - 84/8)*10618?
5309
Suppose -4*r = 5*v - 37, -v - 1 = -2*r - 0*r. Let t be (22/(-5) - -5)*v. List the prime factors of t - (2/(-7) + (-1250)/35).
3, 13
Suppose 6*u = -3*u + 180. Suppose u*q - 12993 = -5153. List the prime factors of q.
2, 7
Suppose -268*a + 274*a - 2623 + 787 = 0. What are the prime factors of a?
2, 3, 17
List the prime factors of (-239746)/91*126/(-24)*4.
2, 3, 9221
Let u(p) = 65*p - 984. Let w(l) = -21*l + 328. Let o(r) = 4*u(r) + 11*w(r). List the prime factors of o(36).
2, 179
Let z be (-3)/(-3) + 2 - -830. Let b = 1181 - z. List the prime factors of b.
2, 3, 29
Let f(y) = y**2 - 2*y + 1. Let t(c) = -2*c**2 - 55*c + 42. Let q(d) = -4*f(d) - t(d). List the prime factors of q(25).
3, 31
Let t(i) = -18*i**3 - 21*i**2 - 79*i - 1484. What are the prime factors of t(-15)?
2, 11, 17, 149
Let r be (6 - -2) + 4/(-4)*3. Suppose 2*j - 2*n = 676, 10*n = 2*j + r*n - 691. Suppose 0 = 3*a - 3*z - 429, -3*a + 5*z = -j - 102. List the prime factors of a.
2, 5, 7
Suppose -5*b = -4*l - 68394, -41016 = -3*b + 3*l - 4*l. What are the prime factors of b?
2, 3, 43, 53
Suppose 475052 = 34*m - 207207 - 183551. List the prime factors of m.
5, 11, 463
List the prime factors of 8*(-333420)/(-160) + (-1 - -1 - 2).
79, 211
Let t = -527 - -520. List the prime factors of 519 + 1 + t/(35/(-10)).
2, 3, 29
Suppose 33*n = 29*n + 8724. List the prime factors of n.
3, 727
Let v = 1298 - 366. Suppose 3*h + 5*d = v, -h = -2*d - 323 + 27. Let a = h - 125. What are the prime factors of a?
179
Let j be 306 - (-2)/((1 - 0)*-2). Let v = -99 + j. What are the prime factors of v?
2, 103
List the prime factors of 47184 - (1 + 50/(-5)) - -12.
3, 5, 1049
Suppose -1472046 - 1410798 = -54*h. List the prime factors of h.
2, 26693
Suppose k = 2 - 0. Suppose -4*u - g + 198 = 0, 41*g - 43*g = 4. Suppose 4*l - 5 = k*j + 39, 5*j + u = 4*l. List the prime factors of l.
2, 5
Let q = 1807 - -33. What are the prime factors of q?
2, 5, 23
Let b be -8*(-1 - (-371)/14). Let h = 236 - b. List the prime factors of h.
2, 5, 11
Let j = -2751 - -9473. What are the prime factors of j?
2, 3361
Suppose 4*c = 61 + 527. Let m be ((-111)/(-2))/(-32 - -35)*(5 - 11). Let q = m + c. List the prime factors of q.
2, 3
Suppose 3*g - 13503 = -3*d, 3*g + 5604 = 2*d - 3388. What are the prime factors of d?
11, 409
Suppose 5*a = -a + 90. Suppose 12*w - 75 - 9 = 0. Suppose a + 62 = w*b. What are the prime factors of b?
11
Suppose -341 - 7 = -2*a. Suppose j = -5*j + a. Suppose 3*o - 45 = -2*m + j, 0 = -4*m - o + 138. What are the prime factors of m?
2, 17
Suppose 17 + 1 = -3*n. Let c(u) = 5*u + 3. Let q be c(-7). Let t = n - q. What are the prime factors of t?
2, 13
Let q(t) = 407*t**3 + 17*t**2 - 143*t + 105. What are the prime factors of q(5)?
2, 5, 37, 137
Suppose -3*u = s + 12, -s - 3*s - 4*u - 32 = 0. Let b be (1 - (-4238)/s)*(-30)/20. Suppose -7*g - 22 = -b. What are the prime factors of g?
2, 37
Suppose 40*z - 12*z - 54488 = 0. List the prime factors of z.
2, 7, 139
What are the prime factors of ((-591)/(-6))/(4/((-2920)/(-5)))?
73, 197
Let x = 21 - 1. Suppose -3*a + 1 = -x. Suppose -2*s - 150 = -a*s + 4*o, -2*s = o - 73. List the prime factors of s.
2, 17
Suppose 0 = 5*m - 15, -5*h = -7*h + m + 655. Suppose 3*v = 5*v + 394. Let i = v + h. List the prime factors of i.
2, 3, 11
Suppose -4*j = 2*f - 7668, -37*j - 11502 = -3*f - 39*j. What are the prime factors of f?
2, 3, 71
Let g be 1504/20*(-1 + (-261)/(-6)). Suppose -x + 18*x = g. Suppose 6*c - x = 5*c + 4*s, s - 358 = -2*c. List the prime factors of c.
2, 3, 5
List the prime factors of (22 - 318435/(-30))/((-1)/(-2)).
3, 7, 1013
Let d(u) = -38 + 30*u - 130*u - 40 - 148. List the prime factors of d(-12).
2, 487
Let u(p) = 465*p + 566. List the prime factors of u(8).
2, 2143
Let l(t) = 7*t**3 + 2*t - 2. Let a be l(3). Let q = a + -112. List the prime factors of q.
3
Let l be 40/19 + (-18)/171. Suppose -2*b = -z + l*b - 145, z = 5*b - 140. What are the prime factors of 1 + -4 - (z - (-16)/(-8))?
2, 41
Let w(j) = 15*j - 6*j - 122 + 20*j. List the prime factors of w(11).
197
Suppose 0 = -0*q - 3*q + 12. Suppose 451 = q*a - 257. Let r = a + -60. List the prime factors of r.
3, 13
Suppose 4*h + 8*h + 11544 = 0. List the prime factors of (-80)/120 + h/(-3).
2, 5
Let y(w) = 2*w - 25. Let r be y(12). What are the prime factors of (211 - r)/(2/3)?
2, 3, 53
Suppose 2*q - 214084 = -210180. What are the prime factors of q?
2, 61
Let z(o) = o**2 - 5*o + 4. Let f be z(4). Suppose -5*s + 233 + 112 = f. Suppose s = 4*j - 27. List the prime factors of j.
2, 3
Let j(o) = 11*o**3 - o**2 - 5*o + 9. Let c(g) = -5*g**3 + 2*g - 5. Let a(x) = -5*c(x) - 2*j(x). List the prime factors of a(4).
3, 7, 11
Let k = 43 + -55. Let r be (0 - 1)*k - (4 - 1). Suppose 328 = r*a - 707. List the prime factors of a.
5, 23
Let x be (49/3)/((-1)/3). Let i(r) = r**2 + 141*r + 2350. Let f be i(-123). Let p = x + f. List the prime factors of p.
3, 29
Let g(v) = v + 9. L